{"id":1254,"date":"2022-11-30T13:32:34","date_gmt":"2022-11-30T12:32:34","guid":{"rendered":"http:\/\/amochlorophylle.be\/?page_id=1254"},"modified":"2025-07-02T10:28:12","modified_gmt":"2025-07-02T08:28:12","slug":"intermaide","status":"publish","type":"page","link":"https:\/\/amochlorophylle.be\/?page_id=1254","title":{"rendered":"Interm\u2019Aide"},"content":{"rendered":"\n<p><\/p>\n\n\n\n<div class=\"wp-block-media-text alignwide is-stacked-on-mobile is-style-default\" style=\"grid-template-columns:36% auto\"><figure class=\"wp-block-media-text__media\"><img decoding=\"async\" src=\"http:\/\/www.interactions.be\/v4\/wp\/wp-content\/uploads\/2018\/12\/Logo-intermaide-1024x528.png\" alt=\"\" class=\"wp-image-416 size-full\"\/><\/figure><div class=\"wp-block-media-text__content\">\n<p><\/p>\n<\/div><\/div>\n\n\n\n<p><\/p>\n\n\n\n<p>Amorc\u00e9 par la Commission Consensus regroupant des acteurs issus du monde judiciaire et de l\u2019Aide \u00e0 la Jeunesse, <strong>\u00ab&nbsp;Inter m&rsquo;Aide : Espace Parents dans la s\u00e9paration&nbsp;\u00bb<\/strong> est un service qui offre aux parents s\u00e9par\u00e9s, ou en voie de s\u00e9paration, un endroit o\u00f9 se poser et prendre du recul afin de pouvoir \u00e9changer le plus sereinement possible, dans ce contexte de chamboulement familial. Inter m&rsquo;Aide offre un espace d\u2019\u00e9coute, de conseils et d\u2019orientation \u00e0 ces parents dans le but de sortir l\u2019enfant du conflit et de pouvoir \u00e9changer de mani\u00e8re constructive sur leur place de parent. En effet, malgr\u00e9 leur s\u00e9paration, ils restent parents. Six antennes (Neufch\u00e2teau &#8211; Libramont &#8211; Saint-Hubert &#8211; Bertrix &#8211; Marche en Famenne &#8211; Vielsalm) sont propos\u00e9es. Le service est gratuit, confidentiel et non contraignant.<\/p>\n\n\n\n<p>Tel&nbsp;: 0492\/77.54.40<br>Mail&nbsp;: <a href=\"mailto:intermaide.rps@gmail.com\">intermaide.rps@gmail.com<\/a><br>Site&nbsp;: <a href=\"https:\/\/espaceparents.be\/\">https:\/\/espaceparents.be\/<\/a><\/p>\n\n\n\n<p>Projet en collaboration avec les AMO de Bertrix, Vielsalm et Marche ainsi que la MADO de Bastogne.<\/p>\n\n\n\n<figure class=\"wp-block-image size-large is-resized is-style-default\"><img loading=\"lazy\" decoding=\"async\" width=\"1024\" height=\"690\" data-orig-file=\"https:\/\/amochlorophylle.be\/wp-content\/uploads\/2024\/10\/7O3ZVYE325GOFCSPJEFYDKSJNU-scaled.jpg\" data-attachment-url=\"https:\/\/amochlorophylle.be\/?attachment_id=1348\" data-aspectratio=\"1.48\" data-caption=\"\" data-image-title=\"7O3ZVYE325GOFCSPJEFYDKSJNU\" data-image-description=\"\" srcset=\"https:\/\/amochlorophylle.be\/wp-content\/uploads\/2024\/10\/7O3ZVYE325GOFCSPJEFYDKSJNU-300x202.jpg 300w, https:\/\/amochlorophylle.be\/wp-content\/uploads\/2024\/10\/7O3ZVYE325GOFCSPJEFYDKSJNU-1024x690.jpg 1024w, https:\/\/amochlorophylle.be\/wp-content\/uploads\/2024\/10\/7O3ZVYE325GOFCSPJEFYDKSJNU-768x517.jpg 768w, https:\/\/amochlorophylle.be\/wp-content\/uploads\/2024\/10\/7O3ZVYE325GOFCSPJEFYDKSJNU-1536x1034.jpg 1536w, https:\/\/amochlorophylle.be\/wp-content\/uploads\/2024\/10\/7O3ZVYE325GOFCSPJEFYDKSJNU-2048x1379.jpg 2048w, https:\/\/amochlorophylle.be\/wp-content\/uploads\/2024\/10\/7O3ZVYE325GOFCSPJEFYDKSJNU-scaled.jpg 2560w\" src=\"https:\/\/amochlorophylle.be\/wp-content\/uploads\/2024\/10\/7O3ZVYE325GOFCSPJEFYDKSJNU-1024x690.jpg\" alt=\". .\" class=\"wp-image-1348\" style=\"width:459px;height:auto\"\/><\/figure>\n\n<script type=\"application\/ld+json\">[\n    {\n        \"@context\": \"https:\/\/schema.org\/\",\n        \"@type\": \"ImageObject\",\n        \"contentUrl\": \"https:\/\/amochlorophylle.be\/wp-content\/uploads\/2024\/10\/7O3ZVYE325GOFCSPJEFYDKSJNU-scaled.jpg\",\n        \"license\": \"\",\n        \"acquireLicensePage\": \"\"\n    }\n]<\/script>\n\n<div class=\"wp-block-image is-style-default\">\n<figure class=\"alignright size-full is-resized\"><img loading=\"lazy\" decoding=\"async\" width=\"275\" height=\"183\" data-orig-file=\"https:\/\/amochlorophylle.be\/wp-content\/uploads\/2024\/10\/intermaide.jpg\" data-attachment-url=\"https:\/\/amochlorophylle.be\/?attachment_id=1350\" data-aspectratio=\"1.5\" data-caption=\"\" data-image-title=\"intermaide\" data-image-description=\"\" srcset=\"\" src=\"https:\/\/amochlorophylle.be\/wp-content\/uploads\/2024\/10\/intermaide.jpg\" alt=\". .\" class=\"wp-image-1350\" style=\"width:451px;height:auto\"\/><\/figure><\/div>","protected":false},"excerpt":{"rendered":"<p>Amorc\u00e9 par la Commission Consensus regroupant des acteurs issus du monde judiciaire et de l\u2019Aide &hellip; <\/p>\n","protected":false},"author":1,"featured_media":0,"parent":0,"menu_order":0,"comment_status":"closed","ping_status":"closed","template":"","meta":{"footnotes":""},"_links":{"self":[{"href":"https:\/\/amochlorophylle.be\/index.php?rest_route=\/wp\/v2\/pages\/1254"}],"collection":[{"href":"https:\/\/amochlorophylle.be\/index.php?rest_route=\/wp\/v2\/pages"}],"about":[{"href":"https:\/\/amochlorophylle.be\/index.php?rest_route=\/wp\/v2\/types\/page"}],"author":[{"embeddable":true,"href":"https:\/\/amochlorophylle.be\/index.php?rest_route=\/wp\/v2\/users\/1"}],"replies":[{"embeddable":true,"href":"https:\/\/amochlorophylle.be\/index.php?rest_route=%2Fwp%2Fv2%2Fcomments&post=1254"}],"version-history":[{"count":9,"href":"https:\/\/amochlorophylle.be\/index.php?rest_route=\/wp\/v2\/pages\/1254\/revisions"}],"predecessor-version":[{"id":1461,"href":"https:\/\/amochlorophylle.be\/index.php?rest_route=\/wp\/v2\/pages\/1254\/revisions\/1461"}],"wp:attachment":[{"href":"https:\/\/amochlorophylle.be\/index.php?rest_route=%2Fwp%2Fv2%2Fmedia&parent=1254"}],"curies":[{"name":"wp","href":"https:\/\/api.w.org\/{rel}","templated":true}]}}