{"id":1269,"date":"2022-11-30T13:46:02","date_gmt":"2022-11-30T12:46:02","guid":{"rendered":"http:\/\/amochlorophylle.be\/?page_id=1269"},"modified":"2025-06-18T15:27:54","modified_gmt":"2025-06-18T13:27:54","slug":"in-cite","status":"publish","type":"page","link":"https:\/\/amochlorophylle.be\/?page_id=1269","title":{"rendered":"IN CITE\u00a0\u00bb"},"content":{"rendered":"\n<p><\/p>\n\n\n\n<div class=\"wp-block-media-text alignwide is-stacked-on-mobile is-style-default\"><figure class=\"wp-block-media-text__media\"><img loading=\"lazy\" decoding=\"async\" width=\"1024\" height=\"577\" src=\"http:\/\/amochlorophylle.be\/wp-content\/uploads\/2022\/06\/Break-the-limits-1024x577.png\" alt=\". .\" class=\"wp-image-1163 size-full\" srcset=\"https:\/\/amochlorophylle.be\/wp-content\/uploads\/2022\/06\/Break-the-limits-1024x577.png 1024w, https:\/\/amochlorophylle.be\/wp-content\/uploads\/2022\/06\/Break-the-limits-300x169.png 300w, https:\/\/amochlorophylle.be\/wp-content\/uploads\/2022\/06\/Break-the-limits-768x433.png 768w, https:\/\/amochlorophylle.be\/wp-content\/uploads\/2022\/06\/Break-the-limits-1536x865.png 1536w, https:\/\/amochlorophylle.be\/wp-content\/uploads\/2022\/06\/Break-the-limits-1140x642.png 1140w, https:\/\/amochlorophylle.be\/wp-content\/uploads\/2022\/06\/Break-the-limits.png 1640w\" sizes=\"(max-width: 1024px) 100vw, 1024px\" \/><\/figure><div class=\"wp-block-media-text__content\">\n<p>L&rsquo;AMO, l&rsquo;Espace Jeunes de Tellin, l&rsquo;\u00e9cole des devoirs de Wellin, ainsi que le Plan de Coh\u00e9sion Sociale de Tellin collaborent dans ce projet <strong>\u00ab\u00a0IN CITE\u00a0\u00bb<\/strong>. <\/p>\n\n\n\n<p>L\u2019objectif est de faire en sorte que les jeunes puissent se c\u00f4toyer via la mise en place d&rsquo;activit\u00e9s favorisant la mixit\u00e9 sociale. Nous souhaitons proposer un programme d\u2019activit\u00e9s multiples (sportives, culturelles, ludiques, artistiques, \u2026).<\/p>\n<\/div><\/div>\n","protected":false},"excerpt":{"rendered":"<p>L&rsquo;AMO, l&rsquo;Espace Jeunes de Tellin, l&rsquo;\u00e9cole des devoirs de Wellin, ainsi que le Plan de &hellip; <\/p>\n","protected":false},"author":1,"featured_media":0,"parent":0,"menu_order":0,"comment_status":"closed","ping_status":"closed","template":"","meta":{"footnotes":""},"_links":{"self":[{"href":"https:\/\/amochlorophylle.be\/index.php?rest_route=\/wp\/v2\/pages\/1269"}],"collection":[{"href":"https:\/\/amochlorophylle.be\/index.php?rest_route=\/wp\/v2\/pages"}],"about":[{"href":"https:\/\/amochlorophylle.be\/index.php?rest_route=\/wp\/v2\/types\/page"}],"author":[{"embeddable":true,"href":"https:\/\/amochlorophylle.be\/index.php?rest_route=\/wp\/v2\/users\/1"}],"replies":[{"embeddable":true,"href":"https:\/\/amochlorophylle.be\/index.php?rest_route=%2Fwp%2Fv2%2Fcomments&post=1269"}],"version-history":[{"count":3,"href":"https:\/\/amochlorophylle.be\/index.php?rest_route=\/wp\/v2\/pages\/1269\/revisions"}],"predecessor-version":[{"id":1380,"href":"https:\/\/amochlorophylle.be\/index.php?rest_route=\/wp\/v2\/pages\/1269\/revisions\/1380"}],"wp:attachment":[{"href":"https:\/\/amochlorophylle.be\/index.php?rest_route=%2Fwp%2Fv2%2Fmedia&parent=1269"}],"curies":[{"name":"wp","href":"https:\/\/api.w.org\/{rel}","templated":true}]}}

<p></p>



<div class="wp-block-media-text alignwide is-stacked-on-mobile is-style-default"><figure class="wp-block-media-text__media"><img loading="lazy" decoding="async" width="1024" height="577" src="http://amochlorophylle.be/wp-content/uploads/2022/06/Break-the-limits-1024x577.png" alt=". ." class="wp-image-1163 size-full" srcset="https://amochlorophylle.be/wp-content/uploads/2022/06/Break-the-limits-1024x577.png 1024w, https://amochlorophylle.be/wp-content/uploads/2022/06/Break-the-limits-300x169.png 300w, https://amochlorophylle.be/wp-content/uploads/2022/06/Break-the-limits-768x433.png 768w, https://amochlorophylle.be/wp-content/uploads/2022/06/Break-the-limits-1536x865.png 1536w, https://amochlorophylle.be/wp-content/uploads/2022/06/Break-the-limits-1140x642.png 1140w, https://amochlorophylle.be/wp-content/uploads/2022/06/Break-the-limits.png 1640w" sizes="(max-width: 1024px) 100vw, 1024px" /></figure><div class="wp-block-media-text__content">
<p>L&rsquo;AMO, l&rsquo;Espace Jeunes de Tellin, l&rsquo;école des devoirs de Wellin, ainsi que le Plan de Cohésion Sociale de Tellin collaborent dans ce projet <strong>« IN CITE »</strong>. </p>



<p>L’objectif est de faire en sorte que les jeunes puissent se côtoyer via la mise en place d&rsquo;activités favorisant la mixité sociale. Nous souhaitons proposer un programme d’activités multiples (sportives, culturelles, ludiques, artistiques, …).</p>
</div></div>

<p>L&rsquo;AMO, l&rsquo;Espace Jeunes de Tellin, l&rsquo;école des devoirs de Wellin, ainsi que le Plan de &hellip; </p>
