{"id":525,"date":"2019-09-05T15:15:23","date_gmt":"2019-09-05T13:15:23","guid":{"rendered":"http:\/\/amochlorophylle.be\/?page_id=525"},"modified":"2025-07-02T11:34:11","modified_gmt":"2025-07-02T09:34:11","slug":"activites","status":"publish","type":"page","link":"https:\/\/amochlorophylle.be\/?page_id=525","title":{"rendered":"Nos projets"},"content":{"rendered":"<div id=\"primary\" class=\"content-area\" style=\"text-align: left;\">\n<article id=\"post-30\" class=\"post-30 page type-page status-publish hentry\"><header class=\"entry-header\">L&rsquo;aide que nous apportons est pr\u00e9ventive et nous distinguons la pr\u00e9vention \u00e9ducative et la pr\u00e9vention sociale.<\/header><header><\/header><header class=\"entry-header\">Dans ce cadre, nous soutenons des projets men\u00e9s par, avec et pour des jeunes. La r\u00e9alisation d&rsquo;actions collectives fait aussi partie de nos missions.<\/header><header><\/header><header class=\"entry-header\">N&rsquo;h\u00e9sitez pas aller d\u00e9couvrir nos projets actuels.<\/header>\n<div class=\"entry-content\">\n<div id=\"primary\" class=\"content-area\">\n<article id=\"post-30\" class=\"post-30 page type-page status-publish hentry\">\n<div class=\"entry-content\">\n<div class=\"wp-block-image\">\u00a0<\/div>\n<\/div>\n<div class=\"entry-content\">\n<div class=\"wp-block-image\">\u00a0<\/div>\n<\/div>\n<div class=\"entry-content\">\n<div class=\"content-left-wrap col-md-12\">\n<div id=\"primary\" class=\"content-area\">\n<article id=\"post-30\" class=\"post-30 page type-page status-publish hentry\">\n<div class=\"entry-content\">\n<div data-extension-version=\"1.0.4\">\u00a0<\/div>\n<div data-extension-version=\"1.0.4\">\u00a0<\/div>\n<p style=\"text-align: center;\">\u00a0<\/p>\n<\/div>\n<\/article>\n<\/div>\n<\/div>\n<\/div>\n<\/article>\n<\/div>\n<\/div>\n<div class=\"entry-content\">\n<div id=\"primary\" class=\"content-area\">\n<article id=\"post-30\" class=\"post-30 page type-page status-publish hentry\">\n<div class=\"entry-content\">\n<div class=\"content-left-wrap col-md-12\">\n<div id=\"primary\" class=\"content-area\">\n<article id=\"post-30\" class=\"post-30 page type-page status-publish hentry\">\n<div class=\"entry-content\">\u00a0<\/div>\n<\/article>\n<\/div>\n<\/div>\n<\/div>\n<\/article>\n<\/div>\n<\/div>\n<\/article>\n<\/div>\n<div id=\"primary\" class=\"content-area\">\n<article id=\"post-30\" class=\"post-30 page type-page status-publish hentry\">\n<div class=\"entry-content\">\n<div id=\"primary\" class=\"content-area\">\n<article id=\"post-30\" class=\"post-30 page type-page status-publish hentry\">\n<div class=\"entry-content\">\n<div class=\"content-left-wrap col-md-12\">\n<div id=\"primary\" class=\"content-area\">\u00a0<\/div>\n<\/div>\n<\/div>\n<\/article>\n<\/div>\n<\/div>\n<\/article>\n<\/div>\n<p style=\"text-align: left;\">\u00a0<\/p>\n\n\n<p><\/p>\n\n\n\n<p><\/p>\n\n\n\n<p><\/p>\n","protected":false},"excerpt":{"rendered":"<p>L&rsquo;aide que nous apportons est pr\u00e9ventive et nous distinguons la pr\u00e9vention \u00e9ducative et la pr\u00e9vention &hellip; <\/p>\n","protected":false},"author":1,"featured_media":0,"parent":0,"menu_order":0,"comment_status":"closed","ping_status":"closed","template":"","meta":{"footnotes":""},"_links":{"self":[{"href":"https:\/\/amochlorophylle.be\/index.php?rest_route=\/wp\/v2\/pages\/525"}],"collection":[{"href":"https:\/\/amochlorophylle.be\/index.php?rest_route=\/wp\/v2\/pages"}],"about":[{"href":"https:\/\/amochlorophylle.be\/index.php?rest_route=\/wp\/v2\/types\/page"}],"author":[{"embeddable":true,"href":"https:\/\/amochlorophylle.be\/index.php?rest_route=\/wp\/v2\/users\/1"}],"replies":[{"embeddable":true,"href":"https:\/\/amochlorophylle.be\/index.php?rest_route=%2Fwp%2Fv2%2Fcomments&post=525"}],"version-history":[{"count":73,"href":"https:\/\/amochlorophylle.be\/index.php?rest_route=\/wp\/v2\/pages\/525\/revisions"}],"predecessor-version":[{"id":1482,"href":"https:\/\/amochlorophylle.be\/index.php?rest_route=\/wp\/v2\/pages\/525\/revisions\/1482"}],"wp:attachment":[{"href":"https:\/\/amochlorophylle.be\/index.php?rest_route=%2Fwp%2Fv2%2Fmedia&parent=525"}],"curies":[{"name":"wp","href":"https:\/\/api.w.org\/{rel}","templated":true}]}}